{"id":7125,"date":"2022-11-02T20:03:56","date_gmt":"2022-11-02T19:03:56","guid":{"rendered":"https:\/\/www.xikka.net\/?page_id=7125"},"modified":"2022-11-22T23:19:46","modified_gmt":"2022-11-22T22:19:46","slug":"nous-rejoindre","status":"publish","type":"page","link":"https:\/\/www.xikka.net\/index.php\/nous-rejoindre\/","title":{"rendered":"Nous rejoindre"},"content":{"rendered":"<p>[vc_row][vc_column width=&#8221;1\/2&#8243;][vc_custom_heading text=&#8221;Emploi&#8221; font_container=&#8221;tag:h6|text_align:left&#8221; use_theme_fonts=&#8221;yes&#8221;][vc_column_text]Pas d&#8217;offre pour le moment.[\/vc_column_text][vc_custom_heading text=&#8221;Stage&#8221; font_container=&#8221;tag:h6|text_align:left&#8221; use_theme_fonts=&#8221;yes&#8221;][vc_tta_accordion][vc_tta_section title=&#8221;Agent Commercial Terrain Exp\u00e9riment\u00e9&#8221; tab_id=&#8221;1669146240709-a190e664-4492&#8243;][vc_column_text]<strong>Titre\u00a0: <\/strong>Agent Commercial Terrain Exp\u00e9riment\u00e9<br \/>\n<strong>Lieu de travail<\/strong>: Abidjan, C\u00f4te d&#8217;ivoire<br \/>\n<strong>Date d&#8217;expiration:<\/strong> 15 D\u00e9cembre 2022<br \/>\n<strong>Secteur d&#8217;activit\u00e9:<\/strong> Finance, mon\u00e9tique, commerciale<br \/>\n<strong>Nombre de postes:<\/strong> 03<br \/>\n<strong>Type de contrat: <\/strong>Stage<br \/>\n<strong>Dur\u00e9e :<\/strong> 2 mois &#8211; renouvelable<\/p>\n<p><strong>Profil recherch\u00e9:\u00a0<\/strong><\/p>\n<ul>\n<li>Niveau d\u2019\u00e9tude BTS, Bac+2<\/li>\n<li>Connaissance de l\u2019internet et du t\u00e9l\u00e9phones<\/li>\n<li>Motiv\u00e9 et avec un grand esprit d&#8217;\u00e9quipe<\/li>\n<li>Facult\u00e9 \u00e0 convaincre son interlocuteur<\/li>\n<li>Exp\u00e9rience dans la vente sur terrain serait un atout<\/li>\n<\/ul>\n<p><strong>Soumission:<\/strong><\/p>\n<p>CV + lettre de motivation \u00e0 envoyer \u00e0 : recrutement@xikka.net[\/vc_column_text][\/vc_tta_section][\/vc_tta_accordion][\/vc_column][vc_column width=&#8221;1\/2&#8243;][vc_custom_heading text=&#8221;Candidature spontan\u00e9e&#8221; font_container=&#8221;tag:h6|text_align:left&#8221; use_theme_fonts=&#8221;yes&#8221;][vc_column_text]<div id=\"vfb-form-2\" class=\"visual-form-builder-container\"><form id=\"nous-rejoindre-2\" class=\"visual-form-builder vfb-form-2 \" method=\"post\" enctype=\"multipart\/form-data\">\r\n\t  \t<input type=\"hidden\" name=\"form_id\" value=\"2\" \/><fieldset class=\"vfb-fieldset vfb-fieldset-1 candidature-libre \" id=\"item-vfb-24\"><div class=\"vfb-legend\"><h3>Candidature libre<\/h3><\/div><ul class=\"vfb-section vfb-section-1\"><li class=\"vfb-item vfb-item-radio  \" id=\"item-vfb-61\"><label class=\"vfb-desc\">Emploi ou Stage  <span class=\"vfb-required-asterisk\">*<\/span><\/label><div><span class=\"vfb-span\"><input type=\"radio\" name=\"vfb-61\" id=\"vfb-61-1\" value=\"Emploi\" class=\"vfb-radio  required \" \/><label for=\"vfb-61-1\" class=\"vfb-choice\">Emploi<\/label><\/span><span class=\"vfb-span\"><input type=\"radio\" name=\"vfb-61\" id=\"vfb-61-2\" value=\"Stage\" class=\"vfb-radio  required \" checked='checked' \/><label for=\"vfb-61-2\" class=\"vfb-choice\">Stage<\/label><\/span><div style=\"clear:both\"><\/div><\/div><\/li><li class=\"vfb-item vfb-item-text  \" id=\"item-vfb-28\"><label for=\"vfb-28\" class=\"vfb-desc\">Pr\u00e9noms  <span class=\"vfb-required-asterisk\">*<\/span><\/label><input type=\"text\" name=\"vfb-28\" id=\"vfb-28\" value=\"\" class=\"vfb-text  vfb-medium  required  \" \/><\/li><li class=\"vfb-item vfb-item-text  \" id=\"item-vfb-62\"><label for=\"vfb-62\" class=\"vfb-desc\">Nom  <span class=\"vfb-required-asterisk\">*<\/span><\/label><input type=\"text\" name=\"vfb-62\" id=\"vfb-62\" value=\"\" class=\"vfb-text  vfb-medium  required  \" \/><\/li><li class=\"vfb-item vfb-item-phone  \" id=\"item-vfb-29\"><label for=\"vfb-29\" class=\"vfb-desc\">T\u00e9l\u00e9phone  <span class=\"vfb-required-asterisk\">*<\/span><\/label><input type=\"tel\" name=\"vfb-29\" id=\"vfb-29\" value=\"\" class=\"vfb-text  vfb-medium  required  phone \" \/><\/li><li class=\"vfb-item vfb-item-email  \" id=\"item-vfb-30\"><label for=\"vfb-30\" class=\"vfb-desc\">Email  <span class=\"vfb-required-asterisk\">*<\/span><\/label><input type=\"email\" name=\"vfb-30\" id=\"vfb-30\" value=\"\" class=\"vfb-text  vfb-medium  required  email \" \/><\/li><li class=\"vfb-item vfb-item-text  \" id=\"item-vfb-31\"><label for=\"vfb-31\" class=\"vfb-desc\">R\u00e9sidence  <span class=\"vfb-required-asterisk\">*<\/span><\/label><span class=\"vfb-span\"><input type=\"text\" name=\"vfb-31\" id=\"vfb-31\" value=\"\" class=\"vfb-text  vfb-medium  required  \" \/><label>Ville et quartier<\/label><\/span><\/li><li class=\"vfb-item vfb-item-select  \" id=\"item-vfb-32\"><label for=\"vfb-32\" class=\"vfb-desc\">Sp\u00e9cialit\u00e9s  <span class=\"vfb-required-asterisk\">*<\/span><\/label><select name=\"vfb-32\" id=\"vfb-32\" class=\"vfb-select  vfb-medium  required \"><option value=\"Commercial\">Commercial<\/option><option value=\"Informatique\">Informatique<\/option><option value=\"Finance\">Finance<\/option><option value=\"Digital\/Web\">Digital\/Web<\/option><option value=\"Comptabilit\u00e9\">Comptabilit\u00e9<\/option><option value=\"Logistique\">Logistique<\/option><option value=\"Audit contr\u00f4le de Gestion\">Audit contr\u00f4le de Gestion<\/option><option value=\"Autres\">Autres<\/option><\/select><\/li><li class=\"vfb-item vfb-item-textarea  \" id=\"item-vfb-33\"><label for=\"vfb-33\" class=\"vfb-desc\">Exp\u00e9rience r\u00e9sum\u00e9e  <span class=\"vfb-required-asterisk\">*<\/span><\/label><div><span class=\"vfb-span\"><label>Dire en quelques mots votre exp\u00e9rience. 5 lignes maximum.<\/label><\/span><textarea name=\"vfb-33\" id=\"vfb-33\" class=\"vfb-textarea  vfb-medium  required \"><\/textarea><\/div><\/li><li class=\"vfb-item vfb-item-select  \" id=\"item-vfb-34\"><label for=\"vfb-34\" class=\"vfb-desc\">Dernier dipl\u00f4me obtenu  <span class=\"vfb-required-asterisk\">*<\/span><\/label><select name=\"vfb-34\" id=\"vfb-34\" class=\"vfb-select  vfb-medium  required \"><option value=\"Doctorat\">Doctorat<\/option><option value=\"Master\">Master<\/option><option value=\"Licence\">Licence<\/option><option value=\"Brevet de Technicien\">Brevet de Technicien<\/option><option value=\"Baccalaur\u00e9at\">Baccalaur\u00e9at<\/option><\/select><\/li><li class=\"vfb-item vfb-item-file-upload  \" id=\"item-vfb-35\"><label for=\"vfb-35\" class=\"vfb-desc\">Joindre le CV  <span class=\"vfb-required-asterisk\">*<\/span><\/label><input type=\"file\" name=\"vfb-35\" id=\"vfb-35\" value=\"\" class=\"vfb-text  vfb-medium  required    {accept:'docx|pdf'}\" \/><\/li><\/ul>&nbsp;<\/fieldset><fieldset class=\"vfb-fieldset vfb-fieldset-2 verification \" id=\"item-vfb-25\" style=\"display:block\"><div class=\"vfb-legend\"><h3>V\u00e9rification<\/h3><\/div><ul class=\"vfb-section vfb-section-2\"><li class=\"vfb-item vfb-item-secret\"  style=\"display:block\"><label for=\"vfb-26\" class=\"vfb-desc\">Entrez 2 chiffres pour v\u00e9rification<\/label><input type=\"hidden\" name=\"_vfb-required-secret\" value=\"0\" \/><input type=\"hidden\" name=\"_vfb-secret\" value=\"vfb-26\" \/><span class=\"vfb-span\"><input type=\"text\" name=\"vfb-26\" id=\"vfb-26\" value=\"\" class=\"vfb-text  vfb-medium  {digits:true,maxlength:2,minlength:2} \" style=\"display:block\" \/><label>Exemple: 12<\/label><\/span><li style=\"display:none;\"><label>This box is for spam protection - &lt;strong&gt;please leave it blank&lt;\/strong&gt;:<\/label><div><input name=\"vfb-spam\" \/><\/div><\/li>\r\n\t\t\t<li class=\"vfb-item vfb-item-submit\" id=\"item-vfb-27\">\r\n\t\t\t\t<input type=\"submit\" name=\"vfb-submit\" id=\"vfb-27\" value=\"Envoyer\" class=\"vfb-submit \" \/>\r\n\t\t\t\t<\/li><\/ul>\r\n\t\t\t<\/fieldset><input type=\"hidden\" name=\"_wp_http_referer\" value=\"\/index.php\/wp-json\/wp\/v2\/pages\/7125\" \/><\/form><\/div> <!-- .visual-form-builder-container -->[\/vc_column_text][\/vc_column][\/vc_row]<\/p>\n","protected":false},"excerpt":{"rendered":"<p>[vc_row][vc_column width=&#8221;1\/2&#8243;][vc_custom_heading text=&#8221;Emploi&#8221; font_container=&#8221;tag:h6|text_align:left&#8221; use_theme_fonts=&#8221;yes&#8221;][vc_column_text]Pas d&#8217;offre pour le moment.[\/vc_column_text][vc_custom_heading text=&#8221;Stage&#8221; font_container=&#8221;tag:h6|text_align:left&#8221; use_theme_fonts=&#8221;yes&#8221;][vc_tta_accordion][vc_tta_section title=&#8221;Agent Commercial Terrain Exp\u00e9riment\u00e9&#8221; tab_id=&#8221;1669146240709-a190e664-4492&#8243;][vc_column_text]Titre\u00a0: Agent Commercial Terrain Exp\u00e9riment\u00e9 Lieu de travail: Abidjan, C\u00f4te d&#8217;ivoire Date d&#8217;expiration: 15 D\u00e9cembre 2022 Secteur d&#8217;activit\u00e9: Finance, mon\u00e9tique, commerciale Nombre de postes: 03 Type de contrat: Stage Dur\u00e9e : 2 mois &#8211; renouvelable Profil recherch\u00e9:\u00a0 Niveau d\u2019\u00e9tude<\/p>\n","protected":false},"author":1,"featured_media":0,"parent":0,"menu_order":0,"comment_status":"closed","ping_status":"closed","template":"","meta":{"_mi_skip_tracking":false,"footnotes":""},"class_list":["post-7125","page","type-page","status-publish","hentry"],"_links":{"self":[{"href":"https:\/\/www.xikka.net\/index.php\/wp-json\/wp\/v2\/pages\/7125","targetHints":{"allow":["GET"]}}],"collection":[{"href":"https:\/\/www.xikka.net\/index.php\/wp-json\/wp\/v2\/pages"}],"about":[{"href":"https:\/\/www.xikka.net\/index.php\/wp-json\/wp\/v2\/types\/page"}],"author":[{"embeddable":true,"href":"https:\/\/www.xikka.net\/index.php\/wp-json\/wp\/v2\/users\/1"}],"replies":[{"embeddable":true,"href":"https:\/\/www.xikka.net\/index.php\/wp-json\/wp\/v2\/comments?post=7125"}],"version-history":[{"count":18,"href":"https:\/\/www.xikka.net\/index.php\/wp-json\/wp\/v2\/pages\/7125\/revisions"}],"predecessor-version":[{"id":7742,"href":"https:\/\/www.xikka.net\/index.php\/wp-json\/wp\/v2\/pages\/7125\/revisions\/7742"}],"wp:attachment":[{"href":"https:\/\/www.xikka.net\/index.php\/wp-json\/wp\/v2\/media?parent=7125"}],"curies":[{"name":"wp","href":"https:\/\/api.w.org\/{rel}","templated":true}]}}